65
In base 8, what is -1213 + -4?
-1217
In base 11, what is 38 - 68?
-30
In base 16, what is -4 - 6?
-a
In base 10, what is 7 - -106?
113
In base 12, what is -111 - -6?
-107
In base 11, what is -2 - -665?
663
In base 12, what is -2a0 - -3?
-299
In base 7, what is 5 + -2431?
-2423
In base 7, what is 5 - -452?
460
In base 9, what is -451 + -75?
-536
In base 9, what is 4 - -32?
36
In base 10, what is 21 + -52?
-31
In base 3, what is -200 + -10211?
-11111
In base 7, what is 4 - 36166?
-36162
In base 12, what is -295 + -a?
-2a3
In base 13, what is -200 + 0?
-200
In base 4, what is -10111 + -32?
-10203
In base 15, what is -2 + bd?
bb
In base 12, what is 218 + -4?
214
In base 11, what is -1 - -292?
291
In base 5, what is 4 + 3020?
3024
In base 15, what is 2b7 - 1?
2b6
In base 7, what is -4 - -1003?
666
In base 10, what is 1 + 1757?
1758
In base 3, what is -121 - -1122?
1001
In base 4, what is 10 - -2321?
2331
In base 14, what is 10 - -18?
28
In base 3, what is 20012110 + -20?
20012020
In base 3, what is 122 + -12?
110
In base 5, what is 203 + -114?
34
In base 2, what is -10001010 + 111?
-10000011
In base 2, what is 11 + -1110010?
-1101111
In base 12, what is -a8 - -3?
-a5
In base 3, what is 2 - -21121?
21200
In base 2, what is -11 + 11001101101?
11001101010
In base 7, what is -4 - 206?
-213
In base 9, what is 3 - 374?
-371
In base 10, what is 54 + 8?
62
In base 5, what is 204 - -32?
241
In base 4, what is -31 + 110?
13
In base 15, what is 9 + 0?
9
In base 6, what is -5 - 552?
-1001
In base 12, what is 7 + 8?
13
In base 11, what is -3 + 51?
49
In base 14, what is 2 - -760?
762
In base 15, what is -21 - 1e?
-40
In base 9, what is 126 - -1?
127
In base 5, what is 104 + -1444?
-1340
In base 4, what is -10000 + -32?
-10032
In base 8, what is 124 + -16?
106
In base 16, what is 3 - -1b39?
1b3c
In base 15, what is 4 - 6?
-2
In base 8, what is 3 + -50?
-45
In base 3, what is -1 + 111212?
111211
In base 2, what is -100 - -11001?
10101
In base 15, what is -ee - e?
-10d
In base 14, what is 1 + -1511?
-1510
In base 2, what is 0 + -11000?
-11000
In base 13, what is 4 + 165?
169
In base 11, what is 1 + -331?
-330
In base 4, what is -20 - 13322?
-20002
In base 13, what is 2 - -102?
104
In base 13, what is 26 - -1?
27
In base 6, what is -2 - 530?
-532
In base 5, what is 1410 + -13?
1342
In base 12, what is 0 + 801?
801
In base 10, what is -166 - 0?
-166
In base 4, what is 11 + -123?
-112
In base 3, what is 212022 + -101?
211221
In base 8, what is -3 - -1414?
1411
In base 16, what is -4 + -48?
-4c
In base 2, what is 10000001 - 11111?
1100010
In base 8, what is -262 + -3?
-265
In base 10, what is 13 - 103?
-90
In base 4, what is -2 + 220?
212
In base 7, what is -3 + 1656?
1653
In base 7, what is 11 + -15?
-4
In base 10, what is -1 + -53?
-54
In base 10, what is -122 + -51?
-173
In base 14, what is -23c + 9?
-233
In base 11, what is 4571 + -2?
456a
In base 15, what is 16 + 7?
1d
In base 7, what is 52020 - 3?
52014
In base 16, what is -2bd + 7?
-2b6
In base 7, what is 14244 - 3?
14241
In base 12, what is -4 + 940?
938
In base 9, what is -10 - 581?
-601
In base 3, what is 22120100 + 0?
22120100
In base 8, what is 5 + 2405?
2412
In base 16, what is dc + -2?
da
In base 7, what is -6 - -5?
-1
In base 6, what is 212 - -245?
501
In base 4, what is -10 - 103321?
-103331
In base 8, what is 10 + 160?
170
In base 11, what is 47 + -314?
-278
In base 13, what is -672 + -3?
-675
In base 13, what is 0 + 312?
312
In base 5, what is -3 + -3434?
-3442
In base 9, what is 0 + -12?
-12
In base 3, what is 12 - -2211?
10000
In base 9, what is -4 + -25?
-30
In base 14, what is 323 + -5?
31c
In base 7, what is 0 - 1140?
-1140
In base 10, what is -307 - -4?
-303
In base 13, what is -b070 + 1?
-b06c
In base 14, what is -13 - -9?
-8
In base 3, what is 22 + -102101?
-102002
In base 12, what is 0 - -116?
116
In base 14, what is -8 - -71?
67
In base 15, what is 10 - 62?
-52
In base 7, what is 5 - 311?
-303
In base 16, what is 5 + -1f1?
-1ec
In base 13, what is -1b73 - 4?
-1b77
In base 5, what is 120 - 3020?
-2400
In base 4, what is -10 + -322?
-332
In base 11, what is 122 + 2?
124
In base 14, what is -89 + a?
-7d
In base 13, what is 197 - -5?
19c
In base 2, what is -1101 - 1000011011?
-1000101000
In base 8, what is 10 - -6?
16
In base 11, what is 4 + -25?
-21
In base 11, what is 135 - 9?
127
In base 2, what is 10 - 10000010000?
-10000001110
In base 13, what is 1 + 6c8?
6c9
In base 12, what is -4b - -5?
-46
In base 16, what is -56 + 5?
-51
In base 13, what is 3 - -42?
45
In base 11, what is 32 + 26?
58
In base 12, what is 5 + -3032?
-3029
In base 10, what is 4 + -904?
-900
In base 6, what is -131000 - -3?
-130553
In base 2, what is 10110 - -101?
11011
In base 8, what is 32 - 55?
-23
In base 7, what is 4 + 2331?
2335
In base 2, what is 110011 - 100?
101111
In base 16, what is 5 - 11?
-c
In base 10, what is 7 - -53?
60
In base 15, what is 34 - -4d?
82
In base 13, what is 29 + -1?
28
In base 12, what is -15 - 18b?
-1a4
In base 3, what is -1 - 1201?
-1202
In base 6, what is 331 + -4?
323
In base 3, what is -222212 + 12?
-222200
In base 16, what is 64 - 8?
5c
In base 15, what is -2 + 3c?
3a
In base 5, what is 2343 + -2?
2341
In base 13, what is -4 - 38?
-3c
In base 7, what is 44 + 14?
61
In base 9, what is 3 + 787?
801
In base 14, what is -b88 + 3?
-b85
In base 4, what is 110 - -2?
112
In base 8, what is 214 + 1?
215
In base 5, what is -1311 + -4?
-1320
In base 4, what is 330022 - -2?
330030
In base 12, what is 6 + aa9?
ab3
In base 5, what is 42 + -222?
-130
In base 2, what is 10 - -110000?
110010
In base 11, what is -3 + -257?
-25a
In base 2, what is 100100001100 + -100?
100100001000
In base 16, what is 3 + -3f?
-3c
In base 10, what is 3 + -19?
-16
In base 9, what is -24 + 0?
-24
In base 6, what is 145111 + 3?
145114
In base 2, what is -1011001 - 11001?
-1110010
In base 3, what is -11 + -1110?
-1121
In base 3, what is -22 + 210111?
210012
In base 12, what is 7 + 18?
23
In base 5, what is -1 - 22110?
-22111
In base 16, what is 12 + 4?
16
In base 13, what is 4 - -7cc?
803
In base 15, what is 3a7 - 0?
3a7
In base 11, what is -262 - 0?
-262
In base 10, what is -2 - 2321?
-2323
In base 2, what is 1001101010 + 0?
1001101010
In base 15, what is 0 - 2?
-2
In base 6, what is 2 - -510?
512
In base 11, what is 619 - -5?
623
In base 15, what is -7d - -3?
-7a
In base 8, what is 5 + 2542?
2547
In base 16, what is -19c + 1?
-19b
In base 12, what is -a + -88?
-96
In base 14, what is 5 - 511?
-50a
In base 2, what is 0 + -10100010111?
-10100010111
In base 2, what is -1 + -1000110011110?
-1000110011111
In base 4, what is -3 + 1220131?
1220122
In base 9, what is -1656 - 3?
-1660
In base 7, what is 1 + 122?
123
In base 14, what is -76 + 5?
-71
In base 7, what is -24 - 102?
-126
In base 16, what is -7 + -1be?
-1c5
In base 9, what is -1 + 1?
0
In base 8, what is -3 + -500?
-503
In base 5, what is 12 + -12424?
-12412
In base 7, what is -1142 + 0?
-1142
In base 13, what is -1 - 97?
-98
In base 9, what is -121 - -1?
-120
In base 12, what is 2 - 4675?
-4673
In base 14, what is 4 + -5a4?
-5a0
In base 13, what is -4742 + 0?
-4742
In base 4, what is 1 - -21?
22
In base 6, what is -10 - 351?
-401
In base 11, what is 35 - 3?
32
In base 14, what is -a + 20?
14
In base 5, what is -10 - -1113?
1103
In base 2, what is -101010010 + 101?
-101001101
In base 12, what is 18 - -249?
265
In base 4, what is 20 + 12313?
12333
In base 16, what is -5d0 - 3?
-5d3
In base 8, what is 536 + 57?
615
In base 3, what is 0 + 2121011?
2121011
In base 8, what is 0 - -5?
5
In base 12, what is -3 + -5?
-8
In base 12, what is -1453 + -2?
-1455
In base 14, what is -170b - 0?
-170b
In base 4, what is 11 - -13?
30
In base 3, what is 1 - 21122?
-21121
In base 14, what is -1 - 1b1b?
-1b1c
In base 13, what is 284 + -6?
27b
In base 8, what is -103 + -33?
-136
In base 11, what is -7814 + 4?
-7810
In base 13, what is -2 + 682?
680
In base 15, what is 4 - 5a?
-56
In base 14, what is -5 - -27?
22
In base 12, what is -ab - b?
-ba
In base 14, what is -14 - 77?
-8b
In base 9, what is 37235 + 1?
37236
In base 9, what is -77 - 57?
-145
In base 14, what is -3 + -9d?
-a2
In base 9, what is 62 - -16?
78
In base 5, what is 2203 - -2?
2210
In base 12, what is -4 - 157?
-15b
In ba